 + -3 + -7
-7
What is the value of -10 - ((-10 - -17) + -24)?
7
-151 + 180 - ((8 - -1) + 2)
18
Calculate (-16 - -1) + -202 + 197 - (-6 + 15).
-29
-46 - -45 - (-1 - 4 - -31)
-27
-180 - -191 - ((5 - 2) + 34)
-26
What is the value of -29 + 2 - (-180 + 156)?
-3
Calculate 6 - (1 + -8 + -46 + 61).
-2
Calculate -9 - 3 - (-4 - 8 - -4).
-4
0 - (2 + (-1 - 6) + 10)
-5
What is -8 + 12 - ((0 + 3 - 3) + -3)?
7
What is -27 - (-10 + -10) - 19?
-26
Evaluate 5 - (-9 + 11 - 6) - (1 + 0).
8
What is 43 + -36 + -39 + 19?
-13
Calculate -24 - 0 - (1198 - 1193).
-29
What is (12 - -7) + -4 + (21 - 56)?
-20
What is 4 + (14 - 19) + -8?
-9
Evaluate 22 + -15 + -16 - -7.
-2
Calculate -18 + 1 + -82 + (57 - -44).
2
Calculate (-11 - -30) + (-2 - 4).
13
What is (18 - 21) + 12 + 1?
10
(7 + -1 - 19) + 7 + (-9 - -4)
-11
(16 + 9 - 36) + 23 + -2
10
Calculate 10 - (2 + 8 - (-102 + 86)).
-16
What is the value of -3 - (5 + (8 - 15)) - (1 + 0)?
-2
What is the value of 4 + -5 + -2 + 9 + 3 + -3?
6
What is the value of 0 + 0 - (272 - 287) - 20?
-5
Evaluate (20 - 19) + -15 - -1 - (-4 - 0).
-9
Calculate (387 - 392) + (20 - 1).
14
Calculate (-3 - (-3 + 4)) + 5 + -12.
-11
Calculate -1 - 1 - (-8 - -5) - (-1 + -11).
13
Calculate -19 + (12 - (-3 + 4 + 3 + 7)).
-18
What is -10 + -10 + 13 + -21 + (1 - -11)?
-16
Evaluate 16 - (27 - 15) - 3.
1
What is the value of 51 + -21 + (4 - (6 + -10) - 12)?
26
Evaluate -6 - 1 - ((15 - 1) + (19 - 45)).
5
What is the value of (-14 - -18 - 12) + (27 - -3)?
22
Calculate -2 - ((1 - 7 - 1) + 6) - -10.
9
Evaluate 5 - -1 - (77 + -45 - 21).
-5
What is -5 + (3 - 4) + 3 - (-2 + 2)?
-3
Evaluate (7 - 9) + -19 - (-5 + 4 + -6).
-14
Calculate -1 + (59 - 46) - 4.
8
Evaluate 12 + -10 - (-11 + 12 + -5) - 11.
-5
-34 - -19 - -6 - 4
-13
What is -19 + 21 - 36 - -20?
-14
Evaluate -7 + (3 - -2) + 1 + 7 + 8.
14
Evaluate (7 - 0 - (-10 - -11)) + -22 + -3.
-19
Calculate -3 - (2 + -3 + -7 - -9 - -2).
-6
What is the value of 2 + (13 + -11 - (0 + 0) - 7)?
-3
What is (19 - -8) + -5 + -7 + 13?
28
Evaluate 5 + 24 + 33 + -34.
28
Evaluate ((-1 - 2) + -2 - -12) + -21 + -1.
-15
What is (-2 - (13 - 0)) + 6?
-9
Calculate (-2 - ((-5 - -2) + -13)) + (34 - 36).
12
5 + 6 + -8 + -5 + 15 + 0
13
Evaluate 4 - 10 - (-19 + 4).
9
Calculate (4 - (-3 - 4)) + (44 - 36).
19
(-1 - (7 + -3)) + -22 + 31
4
What is the value of (-10 - (-87 + 117)) + (4 - 1) + 1?
-36
12 - 6 - (8 + 3 + -7 - 16)
18
Evaluate -1 - 0 - (11 + -4 + 2).
-10
What is the value of 12 + (4 - (12 + 2 + (0 - 8)))?
10
What is -166 - -166 - ((2 - (1 + 17)) + 0)?
16
Evaluate 14 + -12 + -12 + (-7 - (-4 - -3)).
-16
Calculate 51 - 26 - (2 + 1 + 4).
18
What is -5 - (-2 + 15 + (-2 - 2))?
-14
Calculate -17 + 6 + (12 - 2) + (2 - -11).
12
What is the value of 3 + 1 + (0 - -6)?
10
Calculate (-7 - -2) + -9 + -3.
-17
Evaluate -31 - (1 - 0 - (156 - 142)).
-18
What is (12 + -5 - (5 - (-2 - 2))) + -15?
-17
Evaluate (766 - 766) + 0 + 20.
20
Calculate (0 + 15 - 9) + 0.
6
What is the value of -34 - (38 - (64 - -12))?
4
What is -10 - (16 + -7) - (0 - 9)?
-10
Evaluate -3 + 3 + -6 + 2 + 16.
12
What is the value of -4 + 12 + (0 - 9)?
-1
What is the value of -21 + 75 + -27 - (11 - 1)?
17
What is (32 - (-12 - (-30 + 3))) + -8?
9
Calculate -1 + (2 - (-10 + 4)) + -1.
6
What is the value of -1 + (11 - 2) - (11 - 2)?
-1
What is the value of (-15 - -1) + 0 + (2 - -5) + -4?
-11
15 - (-8 - ((6 - 1) + -10 + -9))
9
What is -8 + (-2 - (-6 - 4)) + -10?
-10
Calculate 6 + -24 + 9 - (-1 - (-9 - 2)).
-19
What is the value of -3 - (8 + (9 - 8) + -8)?
-4
What is (12 - 9 - -2) + 4 - 7?
2
-1 - (0 - 0) - (335 + -342)
6
Calculate (26 - -2) + (10 - (45 - 19)).
12
What is the value of -6 + -1 - (-142 + 120)?
15
What is 0 - (4 - (-9 + -2))?
-15
Evaluate 6 - ((-28 - -14) + 5).
15
Evaluate -10 + (12 - 12) + 24.
14
What is (1 - -6) + -12 + (-14 - -10 - -16)?
7
6 + 4 + (-6 - (-2 + (-2 - -5)))
3
What is -4 + 32 + -23 - (-1 - -9)?
-3
Calculate 19 + (1 - (-2 + 4)) + (85 - 96).
7
(-37 - -14) + 21 - -15
13
Calculate 40 + -66 - -11 - (-8 + 2).
-9
Evaluate (2 - (0 + (-2 - -9))) + -401 + 393.
-13
What is (16 - (2 + -2)) + (-49 - (-58 + 4))?
21
Evaluate 1 - ((4 - 0) + -14 - (4 - 9)).
6
-245 + 264 - (-2 + 39)
-18
Calculate -132 - -148 - (-2 - -3).
15
What is (31 - (17 + (-13 - -10))) + -31?
-14
Evaluate -5 + 6 + 27 - 11.
17
Evaluate 8 - (-22 + 39) - -10.
1
13 + (-32 - 0) + 12 + 0 + 7
0
What is (13 - ((-1 - -8) + (-82 - -66))) + -4?
18
What is 31 - (-2 + -1 + 1 - (-203 + 192))?
22
What is 0 + -2 + (2 - -13) + (2 - 8)?
7
Calculate (-2 - (-2 - -2)) + (4 - (18 - 9)).
-7
Evaluate (3 - (11 + -2 + -11)) + -14.
-9
What is -3 + -8 + -6 + 15?
-2
What is the value of 6 - ((-8 - (1 + -1)) + 8 + -3)?
9
What is -4 + -5 - (15 + -30 + 34) - -3?
-25
What is (-2 - -1 - (-1 + 7 + -10)) + -5?
-2
What is the value of -18 - (-11 + -2 - 13)?
8
Calculate (6 - 2) + (0 + -19 - 1) + 6.
-10
-39 + 21 + -15 + 29
-4
What is -5 + (14 - 13 - -10) - -19?
25
What is -102 + 107 + 3 + -3?
5
-5 - -20 - (-16 - -24)
7
Evaluate -21 + (22 - (-20 + 2)).
19
Evaluate -20 - -21 - 8 - -28.
21
What is the value of 1 + (17 - (17 - 8)) + -34?
-25
Evaluate -12 - 22 - -70 - 22.
14
What is 6 + (-1 - (7 - -4))?
-6
What is (1 - -1) + -3 + (-21 - (16 - 33))?
-5
What is the value of -23 - (-11 - -1 - (0 - 4)) - 5?
-22
What is the value of -2 + -15 + 29 + -12?
0
What is the value of -9 + 3 + 2 + -3 + -1 + -3?
-11
34 - 26 - (1 - -7) - (1 - -9)
-10
(2 - 5) + -7 + -4 + -5
-19
Evaluate 0 - 31 - (9 - 39).
-1
What is the value of 6 - (-7 - (-9 - 4)) - (-16 - 2)?
18
What is the value of 0 + -10 - (75 - (101 - 19))?
-3
What is -7 + 0 + (26 - 20)?
-1
What is the value of (-1 - -4) + (-13 - -1 - -18)?
9
What is 2 + -4 + -3 + 9 - 8?
-4
What is (-20 - -36 - 11) + 13 + 5?
23
1 - 1 - (-15 - (-40 + -2))
-27
What is (-6 + -5 - 6) + 4 + (2 - 0)?
-11
Calculate 12 - 25 - -15 - (-2 + -8).
12
Calculate -11 - (263 + -265 - (48 - 1 - -1)).
39
Evaluate 25 + (14 - 12) + -32.
-5
Evaluate 1 + (3 - 1) + -40 + (-26 - -64).
1
Evaluate (24 - -3) + -17 + -1 + 0.
9
Evaluate -30 - -9 - -16 - 11.
-16
What is the value of 7 - (-47 + 53 + 6 + 2)?
-7
-15 - (14 + (-16 - (-12 + 10)))
-15
What is 7 + (17 - 27) + 20?
17
Evaluate -15 + (-18 - -19) + -6.
-20
Calculate (-1 - -1) + 4 + (17 - 43 - -33).
11
What is the value of 16 + -5 + -2 - (-11 - -10)?
10
(72 - 84 - (1 + -25)) + -11
1
Evaluate (-50 - (-12 + 1)) + -16 + 27.
-28
21 + 11 + (24 - 76)
-20
Evaluate 2 + 8 - (-6 + (-10 - -16)).
10
What is (0 - (2 + 1) - 3) + 1 + 25?
20
Calculate 4 - (6 + (-2 - -2) + -36 + 7).
27
What is the value of -31 - (17 - 14 - 51)?
17
What is 3 - ((-4 - 17 - -14) + (0 - 0))?
10
12 + (-18 - -9 - (-12 - 5)) + 0
20
2 - (15 - 45 - (-6 + (0 - 3)))
23
-33 + (14 + -2 + 4 - 11)
-28
What is 5 + 0 + 3 + (-14 - (-6 + 21))?
-21
What is the value of -1 + 2 + (-7 - (-22 - -26))?
-10
What is -11 - (-15 + 1 + 5 + -9) - 45?
-38
What is -45 + (-57 - -105) - (1 - -27)?
-25
Calculate 2 + -20 + 9 + (-5 + 1 - 2).
-15
Evaluate (5 - 2 - -2) + (15 - 14 - -3).
9
What is 4 + -4 + (-4 + 10 - 15)?
-9
Evaluate 15 + -13 + (-1 - 0) + -1 + -10.
-10
What is the value of -2 + 7 + -3 + (-3 - -13)?
12
-3 - (-6 + 16 + -12)
-1
(-8 - (6 - 6) - 0) + 26
18
Calculate -12 + (-9 + 4 - -16) + -8 + -13.
-22
What is the value of -11 + (27 - -6) + 6 + -6 + -6?
16
Evaluate 1 - 1 - (-11 - ((11 - 17) + 3)).
8
Evaluate (-19 - (7 - 14)) + -9 + 16.
-5
Calculate 4 + (-5 - -10) - 20 - -28.
17
Calculate -21 + (-18 - -17 - -7).
-15
What is 65 + (4 - 30) - (-6 - -19)?
26
What is -26 + 3 + 2 + -11?
-32
What is 9 - (16 - 48 - -23)?
18
Calculate (-1 + 1 - 2 - -8) + (-19 - -22).
9
-5 + (10 - (5 + 0) - 12)
-12
Evaluate (157 + -158 - (1 - -6)) + -1 + -15.
-24
Evaluate 8 - (39 - -2 - (-23 - (19 - 45))).
-30
Evaluate 0 + -7 + -62 + 77.
8
Evaluate -1 + -12 - (-1 - (11 + 8 + -15)).
-8
Evaluate -5 - (-1 - 13) - 10.
-1
What is the value of (-21 - (-6 + -6 + 3)) + 1 + 7?
-4
14 - (20 + (-25 - 0))
19
What is -2 - (-1 + 9 + (-6 - 2 - -3))?
-5
What is -8 + -27 - (-18 - 8)?
-9
-28 + (-27 - -45 - 12)
-22
What is the value of 160 + -144 + (2 - 25)?
-7
Calculate 2 - (5 + (0 + -1 - 11)).
9
-4 + 6 + -19 + 18
1
9 + 3 + 10 + (-2 - 6)
14
What is (3 - 4) + (-11 - -6) + 3?
-3
What is -3 - -1 - (77 + (-51 - 10))?
-18
What is 10 + -8 + 9 + (5 - -3)?
19
-22 + 5 + 9 + 28
20
Evaluate 25 + -21 + -4 + (-1 - -2).
1
What is 